 127, 16931309
What are the prime factors of 38940244?
2, 7, 73, 19051
What are the prime factors of 241306944?
2, 3, 331, 3797
What are the prime factors of 91070464?
2, 11117
List the prime factors of 409406183.
409406183
What are the prime factors of 35351539?
37, 71, 13457
What are the prime factors of 656560449?
3, 37, 53, 37201
List the prime factors of 765472032.
2, 3, 13, 22717
List the prime factors of 107378490.
2, 3, 5, 23, 155621
What are the prime factors of 4262330816?
2, 179, 372061
What are the prime factors of 872208141?
3, 7, 37, 1122533
List the prime factors of 875529106.
2, 43, 151, 67421
What are the prime factors of 403357785?
3, 5, 23, 103, 11351
What are the prime factors of 1223554420?
2, 5, 11, 505601
List the prime factors of 2175594216.
2, 3, 157, 577387
What are the prime factors of 2828999126?
2, 23, 29, 53, 40013
List the prime factors of 5377447617.
3, 1792482539
List the prime factors of 45914997.
3, 15304999
What are the prime factors of 8193740?
2, 5, 269, 1523
List the prime factors of 509907382.
2, 53, 59, 81533
List the prime factors of 92187464.
2, 17, 367, 1847
What are the prime factors of 1679272233?
3, 61, 9176351
List the prime factors of 23180905.
5, 11, 421471
List the prime factors of 2792936213.
2792936213
List the prime factors of 32913966.
2, 3, 19, 23, 12553
List the prime factors of 11829045.
3, 5, 788603
What are the prime factors of 17717542?
2, 191, 46381
What are the prime factors of 302869694?
2, 587, 257981
List the prime factors of 64924395.
3, 5, 4328293
List the prime factors of 404322946.
2, 2377, 85049
What are the prime factors of 2124634629?
3, 13, 54477811
List the prime factors of 871727848.
2, 241, 347, 1303
List the prime factors of 119499754.
2, 11, 5431807
What are the prime factors of 249914764?
2, 11, 107, 109, 487
What are the prime factors of 56829856?
2, 1775933
What are the prime factors of 4541534174?
2, 8963, 253349
What are the prime factors of 56125426?
2, 7, 47, 85297
List the prime factors of 1933850839.
1933850839
List the prime factors of 2223191840.
2, 5, 13894949
List the prime factors of 308689896.
2, 3, 257, 50047
List the prime factors of 515442291.
3, 7, 13, 709, 2663
List the prime factors of 773625951.
3, 7, 4093259
List the prime factors of 162852685.
5, 59, 173, 3191
What are the prime factors of 13188783?
3, 83, 52967
List the prime factors of 72696544.
2, 2271767
List the prime factors of 79601507.
19, 4189553
What are the prime factors of 6056374?
2, 1117, 2711
What are the prime factors of 351914082?
2, 3, 13, 1663, 2713
What are the prime factors of 3045252220?
2, 5, 152262611
What are the prime factors of 16239225?
3, 5, 216523
List the prime factors of 1551600255.
3, 5, 103440017
List the prime factors of 75262354.
2, 37631177
List the prime factors of 37360912.
2, 2335057
List the prime factors of 208423768.
2, 7, 19, 195887
What are the prime factors of 2356307556?
2, 3, 37, 41, 129439
What are the prime factors of 401320949?
9041, 44389
What are the prime factors of 3226343279?
19, 37, 12713
What are the prime factors of 48879643?
48879643
What are the prime factors of 1802262903?
3, 7, 31, 2768453
List the prime factors of 1591738533.
3, 7, 11, 255209
List the prime factors of 18687188.
2, 13, 59, 6091
What are the prime factors of 121804084?
2, 31, 59, 16649
List the prime factors of 376282418.
2, 233, 807473
List the prime factors of 2953797785.
5, 541, 599, 1823
What are the prime factors of 32257153?
32257153
What are the prime factors of 39812476?
2, 11, 29, 41, 761
What are the prime factors of 21689176?
2, 73, 37139
List the prime factors of 2838118601.
17, 73, 2286961
List the prime factors of 1163499769.
73, 15938353
What are the prime factors of 891803832?
2, 3, 43, 864151
List the prime factors of 621089170.
2, 5, 13, 89, 53681
What are the prime factors of 2330648716?
2, 11, 61, 868349
What are the prime factors of 1655133710?
2, 5, 31, 83, 64327
List the prime factors of 50440698.
2, 3, 7, 11, 1733
What are the prime factors of 257119797?
3, 11, 31, 73, 313
List the prime factors of 849456748.
2, 7, 17, 29, 59, 149
List the prime factors of 222052023.
3, 41, 66863
List the prime factors of 37945790.
2, 5, 1861, 2039
What are the prime factors of 55011068?
2, 7, 197, 9973
List the prime factors of 79557987.
3, 26519329
What are the prime factors of 7496755860?
2, 3, 5, 11, 199, 5189
What are the prime factors of 119361485?
5, 23872297
What are the prime factors of 107667702?
2, 3, 5981539
What are the prime factors of 957964599?
3, 8167, 13033
List the prime factors of 2680610503.
1069, 2507587
List the prime factors of 139490188.
2, 34872547
List the prime factors of 2273172090.
2, 3, 5, 7, 1481, 7309
List the prime factors of 130011492.
2, 3, 13, 41, 20327
What are the prime factors of 2158511549?
19, 43, 53, 79, 631
What are the prime factors of 39398671?
13, 3030667
List the prime factors of 491003175.
3, 5, 13, 503593
List the prime factors of 13100082.
2, 3, 19, 114913
What are the prime factors of 513228061?
311, 491, 3361
List the prime factors of 327535015.
5, 19, 83, 41539
List the prime factors of 1373395704.
2, 3, 499, 114679
List the prime factors of 26985160.
2, 5, 157, 4297
What are the prime factors of 37949397?
3, 193, 65543
What are the prime factors of 1194748833?
3, 37, 10763503
What are the prime factors of 1519318127?
1519318127
What are the prime factors of 7086319?
7086319
List the prime factors of 44249376.
2, 3, 89, 5179
What are the prime factors of 2205375288?
2, 3, 107, 631, 1361
What are the prime factors of 99106715?
5, 683, 29021
What are the prime factors of 787722070?
2, 5, 29, 1223, 2221
List the prime factors of 1097490451.
53, 20707367
List the prime factors of 98969340.
2, 3, 5, 1649489
List the prime factors of 1484438811.
3, 494812937
List the prime factors of 257715745.
5, 7, 257, 4093
List the prime factors of 12274555.
5, 2454911
List the prime factors of 274044829.
37, 167, 44351
List the prime factors of 1545171.
3, 601, 857
What are the prime factors of 29780703?
3, 367663
List the prime factors of 75413551.
83, 908597
What are the prime factors of 52074501?
3, 179, 96973
What are the prime factors of 3039289156?
2, 759822289
List the prime factors of 1196155.
5, 239231
List the prime factors of 31539941.
43, 229, 3203
List the prime factors of 7998937.
7998937
List the prime factors of 44930365.
5, 8986073
What are the prime factors of 898079868?
2, 3, 7, 1663, 2143
What are the prime factors of 1964695360?
2, 5, 6139673
List the prime factors of 4234812707.
4234812707
List the prime factors of 450460752.
2, 3, 7, 31, 59, 733
List the prime factors of 1914320282.
2, 7, 37, 3695599
What are the prime factors of 1995783718?
2, 997891859
What are the prime factors of 202147565?
5, 53, 762821
List the prime factors of 23235719.
13, 17, 47, 2237
List the prime factors of 566934729.
3, 188978243
What are the prime factors of 1225881739?
191, 6418229
List the prime factors of 595358442.
2, 3, 7, 4725067
What are the prime factors of 1813272815?
5, 362654563
What are the prime factors of 47337690?
2, 3, 5, 17, 101, 919
What are the prime factors of 507627330?
2, 3, 5, 7, 2417273
List the prime factors of 538717607.
17, 1597, 19843
What are the prime factors of 5050661820?
2, 3, 5, 2141, 39317
List the prime factors of 429482973.
3, 19, 7534789
List the prime factors of 52895338.
2, 139, 190271
What are the prime factors of 3339103686?
2, 3, 556517281
List the prime factors of 1686195487.
37, 1231, 37021
What are the prime factors of 2423102738?
2, 7, 151, 1146217
What are the prime factors of 99068820?
2, 3, 5, 23, 71789
What are the prime factors of 1200562330?
2, 5, 11, 10914203
What are the prime factors of 85046099?
85046099
What are the prime factors of 1880868?
2, 3, 11, 14249
List the prime factors of 2240745296.
2, 140046581
What are the prime factors of 410833342?
2, 73, 2813927
List the prime factors of 4319462.
2, 7, 17, 18149
What are the prime factors of 347697917?
7, 37, 41, 137, 239
List the prime factors of 631855444.
2, 11, 131, 109621
List the prime factors of 135000713.
29, 2081, 2237
What are the prime factors of 88245464?
2, 181, 60943
What are the prime factors 